prime factors of 2426288.
2, 151643
List the prime factors of 273281.
273281
List the prime factors of 672514.
2, 31, 10847
List the prime factors of 157191.
3, 151, 347
List the prime factors of 297132.
2, 3, 11, 2251
List the prime factors of 1975334.
2, 43, 103, 223
What are the prime factors of 89885?
5, 17977
What are the prime factors of 1025450?
2, 5, 20509
What are the prime factors of 8280979?
7, 19, 29, 113
List the prime factors of 6962998.
2, 7, 227, 313
List the prime factors of 4526633.
4526633
What are the prime factors of 225435?
3, 5, 7, 19, 113
List the prime factors of 5805311.
547, 10613
List the prime factors of 1690502.
2, 11, 43, 1787
List the prime factors of 939866.
2, 571, 823
List the prime factors of 174618.
2, 3, 89, 109
What are the prime factors of 394616?
2, 107, 461
List the prime factors of 1850576.
2, 7, 13, 31, 41
What are the prime factors of 484885?
5, 37, 2621
What are the prime factors of 19525638?
2, 3, 11, 295843
List the prime factors of 255566.
2, 53, 2411
What are the prime factors of 9059894?
2, 37, 191, 641
What are the prime factors of 866155?
5, 211, 821
What are the prime factors of 204968?
2, 25621
What are the prime factors of 421111?
41, 10271
List the prime factors of 2002892.
2, 500723
What are the prime factors of 133928?
2, 16741
What are the prime factors of 22137982?
2, 11068991
List the prime factors of 1927291.
373, 5167
List the prime factors of 118078.
2, 43, 1373
List the prime factors of 1361413.
149, 9137
What are the prime factors of 2502567?
3, 278063
What are the prime factors of 13924921?
17, 31, 26423
List the prime factors of 24458253.
3, 8152751
What are the prime factors of 9891985?
5, 79, 317
List the prime factors of 655649.
655649
What are the prime factors of 6601076?
2, 197, 8377
List the prime factors of 352069.
352069
What are the prime factors of 19259558?
2, 103, 93493
What are the prime factors of 256044?
2, 3, 19, 1123
List the prime factors of 1906418.
2, 41, 67, 347
What are the prime factors of 603897?
3, 7, 149, 193
What are the prime factors of 3018573?
3, 111799
List the prime factors of 5058127.
5058127
What are the prime factors of 50272?
2, 1571
List the prime factors of 13351812.
2, 3, 1112651
List the prime factors of 424811.
424811
What are the prime factors of 433458?
2, 3, 23, 349
What are the prime factors of 18858673?
18858673
What are the prime factors of 7614233?
11, 41, 16883
What are the prime factors of 5768494?
2, 157, 18371
What are the prime factors of 311316?
2, 3, 25943
What are the prime factors of 41994447?
3, 11, 1272559
List the prime factors of 8524149.
3, 53, 53611
List the prime factors of 17167285.
5, 3433457
List the prime factors of 427695.
3, 5, 28513
What are the prime factors of 9506402?
2, 4753201
What are the prime factors of 2286293?
2286293
What are the prime factors of 6067333?
6067333
What are the prime factors of 7019698?
2, 7, 257, 1951
List the prime factors of 14739610.
2, 5, 1473961
What are the prime factors of 4311340?
2, 5, 11, 19597
What are the prime factors of 30149?
7, 59, 73
What are the prime factors of 216267?
3, 72089
What are the prime factors of 3925285?
5, 7, 13, 8627
What are the prime factors of 955090?
2, 5, 149, 641
What are the prime factors of 16267697?
16267697
List the prime factors of 318709.
89, 3581
List the prime factors of 593097.
3, 197699
What are the prime factors of 257614?
2, 7, 18401
What are the prime factors of 81217?
241, 337
What are the prime factors of 626019?
3, 208673
What are the prime factors of 1476690?
2, 3, 5, 49223
What are the prime factors of 271574?
2, 135787
What are the prime factors of 10410026?
2, 11, 83, 5701
List the prime factors of 70393.
70393
List the prime factors of 438017.
438017
What are the prime factors of 10066578?
2, 3, 991, 1693
What are the prime factors of 547459?
11, 157, 317
What are the prime factors of 288005?
5, 57601
What are the prime factors of 1290331?
7, 184333
What are the prime factors of 4440940?
2, 5, 7, 31721
What are the prime factors of 14450147?
197, 73351
List the prime factors of 2022677.
17, 43, 2767
What are the prime factors of 1007226?
2, 3, 11, 5087
List the prime factors of 115316.
2, 127, 227
What are the prime factors of 3732910?
2, 5, 373291
What are the prime factors of 12480208?
2, 13, 29, 2069
List the prime factors of 86633.
41, 2113
What are the prime factors of 902919?
3, 300973
List the prime factors of 559698.
2, 3, 93283
What are the prime factors of 35221?
35221
What are the prime factors of 2084825?
5, 89, 937
List the prime factors of 17790398.
2, 17, 29, 18043
What are the prime factors of 37640?
2, 5, 941
List the prime factors of 242423.
149, 1627
List the prime factors of 579887.
7, 11, 17, 443
List the prime factors of 14247594.
2, 3, 643, 1231
What are the prime factors of 3533004?
2, 3, 32713
What are the prime factors of 95006?
2, 67, 709
What are the prime factors of 407367?
3, 45263
What are the prime factors of 1631259?
3, 7, 137
List the prime factors of 326467.
326467
List the prime factors of 6676800.
2, 3, 5, 13, 107
List the prime factors of 343261.
343261
List the prime factors of 39107028.
2, 3, 3258919
List the prime factors of 417882.
2, 3, 257, 271
List the prime factors of 557336.
2, 13, 23, 233
What are the prime factors of 1759297?
113, 15569
What are the prime factors of 2429405?
5, 11, 44171
What are the prime factors of 478972?
2, 13, 61, 151
What are the prime factors of 289948?
2, 173, 419
What are the prime factors of 865277?
7, 71, 1741
What are the prime factors of 3085198?
2, 1542599
List the prime factors of 848827.
7, 17, 1019
List the prime factors of 4046769.
3, 211, 2131
What are the prime factors of 674298?
2, 3, 12487
List the prime factors of 12820066.
2, 7, 130817
List the prime factors of 233048.
2, 29131
List the prime factors of 1249944.
2, 3, 52081
List the prime factors of 13496303.
13496303
List the prime factors of 250308.
2, 3, 17, 409
What are the prime factors of 960684?
2, 3, 223, 359
What are the prime factors of 720130?
2, 5, 23, 31, 101
What are the prime factors of 1407397?
1407397
What are the prime factors of 11132152?
2, 1391519
List the prime factors of 234564.
2, 3, 11, 1777
List the prime factors of 117564.
2, 3, 97, 101
What are the prime factors of 2351360?
2, 5, 11, 167
List the prime factors of 349447.
7, 49921
What are the prime factors of 402131?
402131
What are the prime factors of 11301040?
2, 5, 141263
What are the prime factors of 1916756?
2, 479189
List the prime factors of 117343.
271, 433
List the prime factors of 1666724.
2, 269, 1549
What are the prime factors of 234839?
11, 37, 577
List the prime factors of 38370390.
2, 3, 5, 1279013
What are the prime factors of 149509?
307, 487
What are the prime factors of 6537974?
2, 37, 53, 1667
What are the prime factors of 2740779?
3, 233, 1307
What are the prime factors of 10449772?
2, 19, 359, 383
What are the prime factors of 57445?
5, 11489
What are the prime factors of 11171720?
2, 5, 7, 17, 2347
List the prime factors of 14123162.
2, 127, 55603
What are the prime factors of 1723542?
2, 3, 287257
List the prime factors of 6596684.
2, 1649171
List the prime factors of 25026535.
5, 5005307
List the prime factors of 1417071.
3, 563, 839
What are the prime factors of 196706?
2, 59, 1667
List the prime factors of 1025723.
73, 14051
What are the prime factors of 29187118?
2, 3583, 4073
List the prime factors of 7248426.
2, 3, 17, 179, 397
List the prime factors of 8527742.
2, 59, 72269
What are the prime factors of 3537702?
2, 3, 7, 191
List the prime factors of 82633.
82633
List the prime factors of 192867.
3, 53, 1213
List the prime factors of 84563.
103, 821
List the prime factors of 2441613.
3, 813871
List the prime factors of 626792.
2, 47, 1667
List the prime factors of 31329802.
2, 7, 29, 77167
What are the prime factors of 4095?
3, 5, 7, 13
List the prime factors of 2069015.
5, 13, 139, 229
What are the prime factors of 178250?
2, 5, 23, 31
List the prime factors of 12533041.
12533041
What are the prime factors of 22071181?
11, 269, 7459
What are the prime factors of 17241362?
2, 97, 88873
What are the prime factors of 2167182?
2, 3, 67, 599
List the prime factors of 7263